 factor of 1100?
False
Does 8 divide 360?
True
Does 17 divide 11927?
False
Does 15 divide 24180?
True
Does 12 divide 995?
False
Is 45 even?
False
Is 7446 a multiple of 34?
True
Is 18 a factor of 576?
True
Is 120 a multiple of 2?
True
Is 7 a factor of 55?
False
Is 29 a multiple of 5?
False
Does 7 divide 9044?
True
Is 3944 a multiple of 29?
True
Is 12 a factor of 10114?
False
Is 3978 a multiple of 26?
True
Is 37 a factor of 68568?
False
Is 279 a factor of 74584?
False
Does 10 divide 849?
False
Is 1930 even?
True
Is 19 a factor of 938?
False
Is 12 a factor of 1212?
True
Is 15 a factor of 1956?
False
Is 109251 a multiple of 199?
True
Is 2684 a multiple of 122?
True
Does 39 divide 546?
True
Is 30 a factor of 11001?
False
Is 374 a multiple of 59?
False
Is 318 a multiple of 56?
False
Is 29 a factor of 16211?
True
Is 102 a factor of 3130?
False
Is 4825 a multiple of 25?
True
Is 73 a factor of 15034?
False
Does 20 divide 1680?
True
Does 15 divide 5264?
False
Is 939 a multiple of 3?
True
Is 2 a factor of 3771?
False
Does 11 divide 851?
False
Is 1873 a multiple of 18?
False
Does 31 divide 27810?
False
Does 128 divide 101120?
True
Does 16 divide 1852?
False
Is 21 a factor of 735?
True
Is 27318 a multiple of 174?
True
Does 104 divide 1664?
True
Is 3 a factor of 48?
True
Is 145 a factor of 5945?
True
Is 28 a factor of 4480?
True
Is 6592 a multiple of 32?
True
Is 55167 a multiple of 37?
True
Is 52962 a multiple of 14?
True
Is 9083 a multiple of 155?
False
Is 32 a factor of 40352?
True
Does 44 divide 410?
False
Does 12 divide 282?
False
Does 6 divide 42?
True
Does 314 divide 43860?
False
Is 212 a multiple of 18?
False
Is 18 a factor of 2718?
True
Does 20 divide 7560?
True
Does 6 divide 30?
True
Does 41 divide 3380?
False
Is 29088 a multiple of 115?
False
Is 88 a multiple of 17?
False
Does 54 divide 12731?
False
Does 6 divide 39?
False
Is 3 a factor of 237?
True
Does 41 divide 656?
True
Is 53244 a multiple of 87?
True
Is 736 a multiple of 7?
False
Is 107 a multiple of 9?
False
Is 25499 a multiple of 102?
False
Does 13 divide 3211?
True
Does 5 divide 31069?
False
Is 57130 a multiple of 29?
True
Does 16 divide 439?
False
Does 3 divide 842?
False
Does 30 divide 1245?
False
Does 10 divide 155?
False
Is 5 a factor of 1231?
False
Does 218 divide 36624?
True
Is 105 a factor of 464?
False
Does 30 divide 3300?
True
Does 15 divide 45?
True
Is 1840 a multiple of 46?
True
Is 48 a factor of 624?
True
Is 17 a factor of 70926?
False
Is 13 a factor of 394?
False
Is 93428 a multiple of 38?
False
Does 74 divide 16428?
True
Is 945 a multiple of 63?
True
Does 29 divide 725?
True
Is 35856 a multiple of 216?
True
Is 117 a factor of 20158?
False
Does 6 divide 4458?
True
Is 16 a factor of 63?
False
Is 11 a factor of 275?
True
Is 844 a multiple of 5?
False
Is 24 a factor of 774?
False
Is 9446 a multiple of 14?
False
Does 116 divide 83101?
False
Is 28 a factor of 1515?
False
Does 17 divide 7151?
False
Is 35 a factor of 5265?
False
Does 16 divide 10818?
False
Does 22 divide 3718?
True
Is 1960 a multiple of 5?
True
Is 2 a factor of 135?
False
Is 17 a factor of 4406?
False
Does 5 divide 4295?
True
Does 5 divide 41575?
True
Does 116 divide 13340?
True
Is 3 a factor of 302?
False
Is 5 a factor of 235?
True
Is 10 a factor of 930?
True
Does 75 divide 4725?
True
Does 44 divide 3237?
False
Is 46459 a multiple of 20?
False
Does 4 divide 174?
False
Does 284 divide 99539?
False
Is 12 a factor of 1492?
False
Is 92 a factor of 2944?
True
Does 28 divide 11620?
True
Is 120639 a multiple of 61?
False
Is 738 a multiple of 35?
False
Is 13 a factor of 6253?
True
Does 16 divide 17552?
True
Does 79 divide 29937?
False
Is 14 a factor of 1162?
True
Does 40 divide 534?
False
Does 62 divide 19592?
True
Is 1386 a multiple of 21?
True
Does 8 divide 1843?
False
Does 154 divide 36311?
False
Is 647 a multiple of 14?
False
Does 90 divide 3150?
True
Is 14506 a multiple of 45?
False
Is 27 a factor of 4828?
False
Is 43 a factor of 1603?
False
Is 5 a factor of 27645?
True
Is 293 a multiple of 3?
False
Is 2183 a multiple of 40?
False
Does 13 divide 20020?
True
Is 1116 a multiple of 31?
True
Does 2 divide 600?
True
Is 15 a factor of 16865?
False
Is 394 a multiple of 78?
False
Is 88 a factor of 752?
False
Does 34 divide 355?
False
Is 27 a factor of 864?
True
Does 26 divide 754?
True
Does 138 divide 4416?
True
Is 206 a factor of 17661?
False
Is 18 a factor of 1314?
True
Is 16048 a multiple of 236?
True
Does 36 divide 48278?
False
Does 12 divide 444?
True
Does 91 divide 637?
True
Is 1179 even?
False
Does 56 divide 37856?
True
Is 41552 a multiple of 106?
True
Does 105 divide 2310?
True
Is 24 a factor of 1968?
True
Is 8378 a multiple of 23?
False
Does 130 divide 2340?
True
Does 32 divide 5024?
True
Is 5875 a multiple of 125?
True
Does 108 divide 18792?
True
Does 87 divide 261?
True
Does 32 divide 1888?
True
Does 52 divide 12162?
False
Is 34 a factor of 1802?
True
Is 1694 a multiple of 154?
True
Is 256 a multiple of 29?
False
Is 32100 a multiple of 214?
True
Is 10102 a multiple of 9?
False
Is 395 a multiple of 18?
False
Is 8 a factor of 67?
False
Is 525 a multiple of 19?
False
Does 395 divide 83740?
True
Does 62 divide 434?
True
Does 7 divide 4902?
False
Is 10597 a multiple of 21?
False
Is 96 a factor of 81297?
False
Does 103 divide 4635?
True
Does 7 divide 609?
True
Does 61 divide 17019?
True
Is 97 a factor of 12914?
False
Does 31 divide 502?
False
Does 17 divide 111775?
True
Is 58 a factor of 348?
True
Is 56 a factor of 7540?
False
Is 16 a factor of 1168?
True
Does 2 divide 143?
False
Is 2438 a multiple of 106?
True
Does 60 divide 6480?
True
Does 11 divide 330?
True
Is 26 a factor of 773?
False
Is 2497 a multiple of 50?
False
Does 6 divide 2665?
False
Is 39 a factor of 1956?
False
Is 81 a factor of 6658?
False
Is 99 a factor of 693?
True
Is 8 a factor of 4476?
False
Is 145 a factor of 20673?
False
Is 20 a factor of 55351?
False
Is 570 a multiple of 3?
True
Is 179 even?
False
Does 22 divide 3300?
True
Is 153 a factor of 22644?
True
Is 37 a factor of 507?
False
Does 53 divide 26924?
True
Does 56 divide 784?
True
Is 28 a factor of 7868?
True
Is 10349 a multiple of 18?
False
Does 219 divide 36792?
True
Is 8 a factor of 2540?
False
Does 58 divide 23838?
True
Is 10 a factor of 978?
False
Is 8725 a multiple of 13?
False
Does 3 divide 3330?
True
Is 2 a factor of 280?
True
Is 153 a multiple of 9?
True
Is 64305 a multiple of 9?
True
Is 57176 a multiple of 56?
True
Is 545 even?
False
Does 8 divide 2104?
True
Does 213 divide 28888?
False
Does 8 divide 5980?
False
Is 7990 a multiple of 22?
False
Is 18 a factor of 91353?
False
Does 9 divide 427?
False
Does 10 divide 4070?
True
Does 18 divide 29070?
True
Does 6 divide 4152?
True
Does 16 divide 84?
False
Is 5 a factor of 30?
True
Does 64 divide 7348?
False
Does 16 divide 24176?
True
Does 2 divide 325?
False
Is 10 a factor of 14?
False
Is 22636 a multiple of 15?
False
Does 29 divide 2669?
False
Is 14 a factor of 4783?
False
Is 27 a factor of 34579?
False
Does 9 divide 45?
True
Does 29 divide 53041?
True
Is 654 a multiple of 28?
False
Is 448 a multiple of 9?
False
Is 81 a factor of 14013?
True
Is 18183 a multiple of 29?
True
Is 820 a multiple of 10?
True
Is 52 a factor of 10633?
False
Is 7 a factor of 204?
False
Is 20 a factor of 6785?
False
Is 132 a multiple of 7?
False
Is 26 a factor of 14690?
True
Is 869 a multiple of 136?
False
Does 36 divide 18108?
True
Is 61 a factor of 5246?
True
Is 708 a multiple of 3?
True
Does 19 divide 21128?
True
Is 7574 a multiple of 11?
False
Is 26813 a multiple of 63?
False
Is 31188 a multiple of 226?
True
Is 7458 a multiple of 41?
False
Does 38 divide 114?
True
Is 2945 a multiple of 31?
True
Is 1233 a multiple of 4?
False
Does 12 divide 2052?
True
Does 54 divide 16632?
True
Is 30 a factor of 453?
False
Is 72 a factor of 7281?
False
Does 142 divide 1846?
True
Is 394 a multiple of 10?
False
Is 53700 a multiple of 179?
True
Does 16 divide 96?
True
Does 63 divide 630?
True
Is 19945 a multiple of 10?
False
Is 35 a factor of 4760?
True
Is 33 a factor of 957?
True
Is 7 a factor of 837?
False
Does 9 divide 631?
False
Is 7 a factor of 593?
False
Is 37 a factor of 67007?
True
Does 45 divide 39510?
True
Is 2 a factor of 1203?
False
Does 94 divide 1786?
True
Does 12 di